{"id":6,"date":"2015-07-02T10:35:41","date_gmt":"2015-07-02T07:35:41","guid":{"rendered":"http:\/\/www.zythomir.dk\/?page_id=6"},"modified":"2025-05-30T17:07:46","modified_gmt":"2025-05-30T14:07:46","slug":"forside","status":"publish","type":"page","link":"https:\/\/www.zythomir.dk\/","title":{"rendered":"Forside"},"content":{"rendered":"<div class=\"content\">\n<div class=\"post\">\n<div class=\"text\">\n<h1 style=\"text-align: center;\">Form\u00e5l:<\/h1>\n<p>Selskabets form\u00e5l er at erhverve selskabskapital\u00a0i selskaber, der erhverver, ejer og\/eller driver landbrugsm\u00e6ssig virksomhed\u00a0i Ukraine, herunder jordbrug, husdyrproduktion samt dermed besl\u00e6gtet virksomhed.<\/p>\n<p>Opstarten til Halychyna Zahid tager sin begyndelse i 2005, da en mindre gruppe af investorer unders\u00f8ger mulighederne for at establere produktion i Rusland. Sammen med en anden\u00a0gruppe danske investorer dannes en ny gruppe p\u00e5 ialt 18 investorer,\u00a0med fokus p\u00e5 investering i Ukraine.<\/p>\n<p>Omr\u00e5det Zythomir og nabo-oblaster var m\u00e5let i starten, deraf navnet Zythomir.<\/p>\n<p>Men mulige objekter for k\u00f8b faldt p\u00e5 afstandskravet 2,5 km. Til n\u00e6rmeste bebyggelse.<\/p>\n<p>Dette krav kunne f\u00f8rst opfyldes da Halychyna farmen blev fundet.<\/p>\n<\/div>\n<\/div>\n<\/div>\n","protected":false},"excerpt":{"rendered":"<p>Form\u00e5l: Selskabets form\u00e5l er at erhverve selskabskapital\u00a0i selskaber, der erhverver, ejer og\/eller driver landbrugsm\u00e6ssig virksomhed\u00a0i Ukraine, herunder jordbrug, husdyrproduktion samt dermed besl\u00e6gtet virksomhed. Opstarten til Halychyna Zahid tager sin begyndelse i 2005, da en mindre gruppe af investorer unders\u00f8ger mulighederne for at establere produktion i Rusland. Sammen med en anden\u00a0gruppe danske investorer dannes en ny [&hellip;]<\/p>\n","protected":false},"author":1,"featured_media":0,"parent":0,"menu_order":1,"comment_status":"open","ping_status":"open","template":"","meta":[],"_links":{"self":[{"href":"https:\/\/www.zythomir.dk\/index.php\/wp-json\/wp\/v2\/pages\/6"}],"collection":[{"href":"https:\/\/www.zythomir.dk\/index.php\/wp-json\/wp\/v2\/pages"}],"about":[{"href":"https:\/\/www.zythomir.dk\/index.php\/wp-json\/wp\/v2\/types\/page"}],"author":[{"embeddable":true,"href":"https:\/\/www.zythomir.dk\/index.php\/wp-json\/wp\/v2\/users\/1"}],"replies":[{"embeddable":true,"href":"https:\/\/www.zythomir.dk\/index.php\/wp-json\/wp\/v2\/comments?post=6"}],"version-history":[{"count":5,"href":"https:\/\/www.zythomir.dk\/index.php\/wp-json\/wp\/v2\/pages\/6\/revisions"}],"predecessor-version":[{"id":107,"href":"https:\/\/www.zythomir.dk\/index.php\/wp-json\/wp\/v2\/pages\/6\/revisions\/107"}],"wp:attachment":[{"href":"https:\/\/www.zythomir.dk\/index.php\/wp-json\/wp\/v2\/media?parent=6"}],"curies":[{"name":"wp","href":"https:\/\/api.w.org\/{rel}","templated":true}]}}